{"id":196,"date":"2019-02-24T15:57:57","date_gmt":"2019-02-24T14:57:57","guid":{"rendered":"https:\/\/www.eco-bio-systems.de\/komposttee\/?page_id=196"},"modified":"2020-11-08T21:38:49","modified_gmt":"2020-11-08T20:38:49","slug":"welche-arten-von-kompost-tee-gibt-es","status":"publish","type":"page","link":"https:\/\/www.eco-bio-systems.de\/komposttee\/welche-arten-von-kompost-tee-gibt-es\/","title":{"rendered":"Welche Arten von Kompost-Tee gibt es?"},"content":{"rendered":"<p><img fetchpriority=\"high\" decoding=\"async\" src=\"https:\/\/i0.wp.com\/www.eco-bio-systems.de\/komposttee\/wp-content\/uploads\/2019\/02\/Wp8.jpg?resize=750%2C427&#038;ssl=1\" alt=\"\" srcset=\"https:\/\/i0.wp.com\/www.eco-bio-systems.de\/komposttee\/wp-content\/uploads\/2019\/02\/Wp8.jpg?resize=750%2C427&#038;ssl=1 1024w, https:\/\/www.eco-bio-systems.de\/komposttee\/wp-content\/uploads\/2019\/02\/Wp8-300x171.jpg 300w, https:\/\/www.eco-bio-systems.de\/komposttee\/wp-content\/uploads\/2019\/02\/Wp8-768x437.jpg 768w, https:\/\/www.eco-bio-systems.de\/komposttee\/wp-content\/uploads\/2019\/02\/Wp8.jpg 1182w\" sizes=\"(max-width: 750px) 100vw, 750px\" width=\"750\" height=\"427\" data-recalc-dims=\"1\" \/><\/p>\n<p><strong>Verschiedene Pflanzen ben\u00f6tigen unterschiedliche mikrobielle Bedingungen. Es gibt somit auch verschiedene Kompost-Tee Rezepte.\u00a0<\/strong><\/p>\n<h2>Grunds\u00e4tzlich sind im Internet \u00fcber diverse Suchm\u00f6glichkeiten eine Menge Kompost-Tee Rezepte zu finden. Weiter m\u00f6chte ich hier auf die Grundlegenden Unterschiede eingehen:<\/h2>\n<p>Es gibt Rezepte f\u00fcr Kompost-Tees, welche die Entwicklung entweder von Bakterien- oder von Pilzkulturen oder gar von beiden in einem ausgeglichenen Verh\u00e4ltnis f\u00f6rdern. Tats\u00e4chlich k\u00f6nnen bestimmte Zutaten des Kompost-Tees die Entwicklung von Pilzkulturen f\u00f6rdern, w\u00e4hrend andere die Entwicklung von Bakterien oder beide Arten unterst\u00fctzen. Die enthaltenen Zutaten sollten sich f\u00fcr den beabsichtigten Zweck eignen. Eigentlich ben\u00f6tigt jede Pflanze ein individuell an sie angepasstes Bakterien-Pilz-Verh\u00e4ltnis.<\/p>\n<p>Kurzlebige Kulturen sollten bakteriendominanten Kompost-Tee erhalten, Langzeitkulturen die pilzdominanten Kompost-Tees. Schaden wird kein Kompost-Tee, wie auch immer diese gebraut wurde, nur l\u00e4sst sich \u00fcber lange Anwendungszeitr\u00e4ume und Austausch unter Kompost-Tee Anwendern feststellen, das B\u00e4ume eher den pilzlich dominanten Kompost-Tee bevorzugen, Gem\u00fcse, Kr\u00e4uter, Rasen, Gartenpflanzen, Ackerkulturen den bakteriendominaten. Hier w\u00e4re aber zu nennen, das im Bioanbau von Topfkr\u00e4uter wiederum der pilzlich dominante Kompost-Tee interessant ist, da sich die &#8222;guten&#8220; Pilze an den Wurzeln der Kulturpflanzen ansiedeln und diese davon betr\u00e4chtlich profitiert.Auf dem Foto sind XXL-Basilikum im 17cm Topf gezeigt, welche bei jeder Bew\u00e4sserung mit 1,8% Kompost-Tee \u00fcber die Matte bew\u00e4ssert wurden.<\/p>\n<p>Bakteriendominanter Kompost wird mit Ausgangsmaterialien gewonnen, die ein niedriges C-N-Verh\u00e4ltnis (das Verh\u00e4ltnis zwischen Kohlenstoff und Stickstoff) aufweisen. Kompost, der \u00fcberwiegend von Pilzkulturen besiedelt sein soll, wird stattdessen mit Materialien begonnen, die ein h\u00f6heres C-N-Verh\u00e4ltnis besitzen. Anders ausgedr\u00fcckt: Je mehr Pilze man im Kompost ansiedeln m\u00f6chte, um so mehr Holzmaterial, also schwieriger zur zersetzendes Ausgangsmaterial muss verwendet werden.<\/p>\n<p><a>Beispiel Verh\u00e4ltnis von bakteriendominatem Kompost<\/a><\/p>\n<ul>\n<li>30 % trockenes Stroh<\/li>\n<li>45% Grasschnitt<br \/>\n25 % Mist<\/li>\n<\/ul>\n<p><a>Beispiel Verh\u00e4ltnis von pilzdominatem Kompost<\/a><\/p>\n<ul>\n<li>45 % Trockenes Stroh<\/li>\n<li>30 % Grasschnitt<\/li>\n<li>25 % Mist<\/li>\n<\/ul>\n<p>Es besteht aber auch die M\u00f6glichkeit Wurmkomposte zu kaufen, bei den Lieferanten \/ Herstellern bitte nach dem Material fragen, welches kompostiert wurde, demnach ist dann schnell festzustellen, welche Art Kompost-Tee dann angesetzt wird.<\/p>\n","protected":false},"excerpt":{"rendered":"<p>Verschiedene Pflanzen ben\u00f6tigen unterschiedliche mikrobielle Bedingungen. Es gibt somit auch verschiedene Kompost-Tee Rezepte.\u00a0 Grunds\u00e4tzlich sind im Internet \u00fcber diverse Suchm\u00f6glichkeiten eine Menge Kompost-Tee Rezepte zu finden. Weiter m\u00f6chte ich hier auf die Grundlegenden Unterschiede eingehen: Es gibt Rezepte f\u00fcr Kompost-Tees, welche die Entwicklung entweder von Bakterien- oder von Pilzkulturen oder [&hellip;]<\/p>\n","protected":false},"author":1,"featured_media":0,"parent":0,"menu_order":0,"comment_status":"closed","ping_status":"open","template":"page-templates\/template-fullwidth.php","meta":{"_themeisle_gutenberg_block_has_review":false,"footnotes":""},"jetpack_sharing_enabled":true,"_links":{"self":[{"href":"https:\/\/www.eco-bio-systems.de\/komposttee\/wp-json\/wp\/v2\/pages\/196"}],"collection":[{"href":"https:\/\/www.eco-bio-systems.de\/komposttee\/wp-json\/wp\/v2\/pages"}],"about":[{"href":"https:\/\/www.eco-bio-systems.de\/komposttee\/wp-json\/wp\/v2\/types\/page"}],"author":[{"embeddable":true,"href":"https:\/\/www.eco-bio-systems.de\/komposttee\/wp-json\/wp\/v2\/users\/1"}],"replies":[{"embeddable":true,"href":"https:\/\/www.eco-bio-systems.de\/komposttee\/wp-json\/wp\/v2\/comments?post=196"}],"version-history":[{"count":16,"href":"https:\/\/www.eco-bio-systems.de\/komposttee\/wp-json\/wp\/v2\/pages\/196\/revisions"}],"predecessor-version":[{"id":300,"href":"https:\/\/www.eco-bio-systems.de\/komposttee\/wp-json\/wp\/v2\/pages\/196\/revisions\/300"}],"wp:attachment":[{"href":"https:\/\/www.eco-bio-systems.de\/komposttee\/wp-json\/wp\/v2\/media?parent=196"}],"curies":[{"name":"wp","href":"https:\/\/api.w.org\/{rel}","templated":true}]}}