{"id":473,"date":"2021-10-08T17:58:59","date_gmt":"2021-10-08T15:58:59","guid":{"rendered":"https:\/\/www.eco-bio-systems.de\/komposttee\/versandarten\/"},"modified":"2021-10-08T18:24:12","modified_gmt":"2021-10-08T16:24:12","slug":"versandarten","status":"publish","type":"page","link":"https:\/\/www.eco-bio-systems.de\/komposttee\/versandarten\/","title":{"rendered":"Versandarten"},"content":{"rendered":"<p>Unsere EBS &#8211; Brauger\u00e4te f\u00fcr Kompost-Tee werden ausschlie\u00dflich per Spedition transportiert und angeliefert.<\/p>\n<p>Zur Zeit fragen wir 130,00 Euro innerdeutsch und 180,00 Euro nach \u00d6sterreich.<\/p>\n","protected":false},"excerpt":{"rendered":"<p>Unsere EBS &#8211; Brauger\u00e4te f\u00fcr Kompost-Tee werden ausschlie\u00dflich per Spedition transportiert und angeliefert. Zur Zeit fragen wir 130,00 Euro innerdeutsch und 180,00 Euro nach \u00d6sterreich.<\/p>\n","protected":false},"author":1,"featured_media":0,"parent":0,"menu_order":0,"comment_status":"closed","ping_status":"closed","template":"","meta":{"_themeisle_gutenberg_block_has_review":false,"footnotes":""},"jetpack_sharing_enabled":true,"_links":{"self":[{"href":"https:\/\/www.eco-bio-systems.de\/komposttee\/wp-json\/wp\/v2\/pages\/473"}],"collection":[{"href":"https:\/\/www.eco-bio-systems.de\/komposttee\/wp-json\/wp\/v2\/pages"}],"about":[{"href":"https:\/\/www.eco-bio-systems.de\/komposttee\/wp-json\/wp\/v2\/types\/page"}],"author":[{"embeddable":true,"href":"https:\/\/www.eco-bio-systems.de\/komposttee\/wp-json\/wp\/v2\/users\/1"}],"replies":[{"embeddable":true,"href":"https:\/\/www.eco-bio-systems.de\/komposttee\/wp-json\/wp\/v2\/comments?post=473"}],"version-history":[{"count":1,"href":"https:\/\/www.eco-bio-systems.de\/komposttee\/wp-json\/wp\/v2\/pages\/473\/revisions"}],"predecessor-version":[{"id":477,"href":"https:\/\/www.eco-bio-systems.de\/komposttee\/wp-json\/wp\/v2\/pages\/473\/revisions\/477"}],"wp:attachment":[{"href":"https:\/\/www.eco-bio-systems.de\/komposttee\/wp-json\/wp\/v2\/media?parent=473"}],"curies":[{"name":"wp","href":"https:\/\/api.w.org\/{rel}","templated":true}]}}