{"id":569,"date":"2022-01-05T21:35:22","date_gmt":"2022-01-05T20:35:22","guid":{"rendered":"https:\/\/www.eco-bio-systems.de\/komposttee\/?post_type=product&#038;p=569"},"modified":"2022-01-05T21:40:49","modified_gmt":"2022-01-05T20:40:49","slug":"regelheizer","status":"publish","type":"product","link":"https:\/\/www.eco-bio-systems.de\/komposttee\/produkt\/regelheizer\/","title":{"rendered":"500 Watt Regelheizer von 20\u00b0C bis 34\u00b0C"},"content":{"rendered":"<p style=\"text-align: justify;\">500 Watt Regelheizer, Fischbecken Heizvorrichtungen, Temperatur einstellbar<\/p>\n<p style=\"text-align: justify;\">Heizstab von 20\u00b0C bis 34\u00b0C, Thermostat Heater Aquarium Warmwasserbereiter<\/p>\n<p style=\"text-align: justify;\">Mit automatischem Abschaltschutz bei Wasserverlust oder \u00dcberhitzung<br \/>\nTemperaturtoleranz +\/- 1 Grad<\/p>\n<p style=\"text-align: justify;\">Stufenlose Regelbar von 20\u00b0C bis 34\u00b0C<br \/>\n220~240V<\/p>\n<p style=\"text-align: justify;\">Voll eintauchbar<br \/>\nKontrollleuchte f\u00fcr Heizfunktion<br \/>\nSichere Befestigung durch 2 Saugn\u00e4pfe<br \/>\nLadekabel L\u00e4nge: 1.5m<\/p>\n<p style=\"text-align: justify;\">500 Watt<br \/>\nf\u00fcr Beckengr\u00f6\u00dfen bis zu 350 L<br \/>\nHeizerleistung: 500 W<br \/>\nGesamtl\u00e4nge ca.: 475 mm<br \/>\nDurchmesser ca.: 25 mm<\/p>\n<p style=\"text-align: justify;\">Produktpr\u00fcfung:<br \/>\n\u00dcberpr\u00fcfen Sie ob die auf dem Ger\u00e4t angef\u00fchrte Spannung mit der gegebenen Netzspannung \u00fcbereinstimmt vor dem Gebrauch. Pr\u00fcfen Sie das Ger\u00e4t und das Anschlusskabel auf Besch\u00e4digungen, bevor Sie den Heizger\u00e4t in Betrieb nehmen. Die Anschlussleitung dieses Ger\u00e4tes kann nicht ersetzt oder repariert werden. Bei Besch\u00e4digung der Anschlussleitung darf das Ger\u00e4t nicht mehr ben\u00fctzt werden. Um zu vermeiden, dass Wassertropfen die Steckdose oder den Stecker befeuchten, ist daf\u00fcr zu sorgen, dass der Stromkabel nach dem Anschluss mit der Steckdose nach unten h\u00e4ngend weitergef\u00fchrt wird.<\/p>\n<p style=\"text-align: justify;\">Wartung:<br \/>\nZuerst Netzstecker aus der Steckdose ziehen. Nach dem Ausschalten des Heizger\u00e4tes muss dieses etwa 30 min abk\u00fchlen, bevor es angefasst werden darf. Ger\u00e4t reinigen nach Bedarf mit weichem Stoff.<\/p>\n<p style=\"text-align: justify;\">Beim Wasserwechsel trennen Sie den Heizer von der Spannungsversorgung. In dem Fall wo das Wasser niedriger wird heizt der Heizer auf, und beim Auff\u00fcllen vom frischen Wasser bricht das Glas sofort.<\/p>\n<p style=\"text-align: justify;\">Achtung:<br \/>\nDas Heizger\u00e4t ist an einer Stelle zu befestigen, wo das Wasser st\u00e4ndig in Bewegung ist. Das Ger\u00e4t darf nicht mit Sand oder anderem Material bedeckt werden.<\/p>\n<p style=\"text-align: justify;\">Das Heizger\u00e4t darf nicht ohne Wasser betrieben werden.<\/p>\n","protected":false},"excerpt":{"rendered":"<p>500 Watt Regelheizer, Fischbecken Heizvorrichtungen, Temperatur einstellbar Heizstab von 20\u00b0C bis 34\u00b0C, Thermostat Heater Aquarium Warmwasserbereiter Mit automatischem Abschaltschutz bei Wasserverlust oder \u00dcberhitzung Temperaturtoleranz +\/- 1 Grad Stufenlose Regelbar von 20\u00b0C bis 34\u00b0C 220~240V Voll eintauchbar Kontrollleuchte f\u00fcr Heizfunktion Sichere Befestigung durch 2 Saugn\u00e4pfe Ladekabel L\u00e4nge: 1.5m 500 Watt f\u00fcr [&hellip;]<\/p>\n","protected":false},"featured_media":570,"comment_status":"open","ping_status":"closed","template":"","meta":{"_themeisle_gutenberg_block_has_review":false},"product_cat":[49],"product_tag":[43,45,42,41,44],"jetpack_sharing_enabled":true,"_links":{"self":[{"href":"https:\/\/www.eco-bio-systems.de\/komposttee\/wp-json\/wp\/v2\/product\/569"}],"collection":[{"href":"https:\/\/www.eco-bio-systems.de\/komposttee\/wp-json\/wp\/v2\/product"}],"about":[{"href":"https:\/\/www.eco-bio-systems.de\/komposttee\/wp-json\/wp\/v2\/types\/product"}],"replies":[{"embeddable":true,"href":"https:\/\/www.eco-bio-systems.de\/komposttee\/wp-json\/wp\/v2\/comments?post=569"}],"wp:featuredmedia":[{"embeddable":true,"href":"https:\/\/www.eco-bio-systems.de\/komposttee\/wp-json\/wp\/v2\/media\/570"}],"wp:attachment":[{"href":"https:\/\/www.eco-bio-systems.de\/komposttee\/wp-json\/wp\/v2\/media?parent=569"}],"wp:term":[{"taxonomy":"product_cat","embeddable":true,"href":"https:\/\/www.eco-bio-systems.de\/komposttee\/wp-json\/wp\/v2\/product_cat?post=569"},{"taxonomy":"product_tag","embeddable":true,"href":"https:\/\/www.eco-bio-systems.de\/komposttee\/wp-json\/wp\/v2\/product_tag?post=569"}],"curies":[{"name":"wp","href":"https:\/\/api.w.org\/{rel}","templated":true}]}}